5 = -4*t, -2*t = 2*r - 886. Suppose 0 = 3*j + 1 - 7, 0 = 4*b + j + r. List the prime factors of (b/6)/5*-6.
2, 11
List the prime factors of 2259999/72 - 81/(-72).
2, 5, 43, 73
Let m(h) = 469*h + 6623. What are the prime factors of m(0)?
37, 179
Let j(s) = -s**3 - 5*s**2 - 4*s + 2. Let w be j(-2). Let l(r) = 4*r**2 - 5*r - 8. Let a be l(w). Suppose -a*u + 33 = -17*u. List the prime factors of u.
3, 11
Suppose 2*u = 3*y + 921, -3*u - 14*y = -9*y - 1353. Suppose 0 = 4*w - w - u. What are the prime factors of w?
2, 19
Suppose -19*b + 14*b - 495 = 0. Let h(d) = d**3 - 11*d**2 + 3*d + 9. Let y be h(10). Let i = y - b. List the prime factors of i.
2, 19
Suppose -r + 305 + 7849 = a, 0 = -r + 2*a + 8148. Suppose -17*d + r = -9*d. List the prime factors of d.
1019
Let s(u) = 3*u + 9. Let n(g) = g**3 - 12*g**2 - 3. Let p be n(12). Let a be s(p). Suppose a = -10*b - 15 + 155. What are the prime factors of b?
2, 7
Let j be (7/14)/((-879)/438 + 2). Let z = 80 + j. Suppose -5*n + 2*t = -1181, z*n + 5*t - 925 = 3*n. List the prime factors of n.
5, 47
Suppose -4*i = -7150 - 142. Suppose -2*u - t + 731 = -0*u, 5*u - 2*t = i. Let s = 596 - u. What are the prime factors of s?
3, 7, 11
Let w(v) = v**2 + 9*v + 25. Let s be w(22). Let c = s - 51. List the prime factors of c.
2, 41
Suppose -1400 = l + 538. Let a be 2/13 + l/(-78). Let w = a - -84. What are the prime factors of w?
109
Suppose 25*i - 109447 - 50458 = -5230. List the prime factors of i.
23, 269
Let z = 86806 - 61131. What are the prime factors of z?
5, 13, 79
Let v(r) = -r**3 - 6*r**2 - 11*r - 29. What are the prime factors of v(-15)?
2161
Let c = 53 + -119. Let w be c/(-9) - (-7)/(-21). Let u(l) = l**3 - 6*l**2 + 13*l - 6. List the prime factors of u(w).
2, 67
List the prime factors of -3*((-16160)/(-90))/(22/(-33)).
2, 101
Suppose 5*i = 3*r - 26, 0*r - 4*r - 3*i = 4. Suppose -5*v - 4*t + 38 = -2*v, 0 = -r*t + 10. Let u(s) = 9*s**2 - 6*s + 2. List the prime factors of u(v).
2, 5, 29
Let j = -29038 - -43287. What are the prime factors of j?
14249
Let t be -1*(-1)/(-1) + (95 - -6). Suppose -6*y = -y - 3*d - 7, -y + 7 = 5*d. Suppose 0 = -3*v + 6, j - t + 28 = -y*v. List the prime factors of j.
2, 17
Let b = -784 - -883. List the prime factors of b.
3, 11
Let v be (3 + (-255)/35)/(1/7). Let h = 29 + v. What are the prime factors of ((-50)/(-8) + h)/(1/4)?
3, 7
Suppose -l + 5*z + 194 = 8*z, 5*z + 742 = 4*l. Let m = 748 - l. What are the prime factors of m?
2, 5, 7
Let w be 6/4*8/(-1). What are the prime factors of 111 + w/(-4 - -1)?
5, 23
Let w(b) be the second derivative of -b**4/12 + 47*b**3/6 - 135*b**2/2 - b - 83. List the prime factors of w(21).
3, 137
Let s(n) = -2*n**2 - 10*n - 2. Let j be s(-3). Let w = j + -4. What are the prime factors of w - (((-12)/3)/(-2) + 1)?
3
Let l(c) be the second derivative of 1/20*c**5 - 1/2*c**3 - 18*c + 0 - 1/2*c**4 - 5/2*c**2. List the prime factors of l(8).
3, 11
List the prime factors of 0 + 5 + 122 + -129 + 31852 + 0.
2, 5, 7, 13
Let w(n) = 13*n**2 + 4*n + 4. Let y be w(-2). Let c = -45 + y. What are the prime factors of (-1)/(-2 + (2 - c/9))?
3
Suppose 71*l = 114259 + 370813. What are the prime factors of l?
2, 7, 61
What are the prime factors of ((-3*3)/((-17)/1003) - -6) + 2?
7, 11
Let z be (12/16)/(2/48). Let r be z*7/((-70)/(-55)). Let u = r + -23. List the prime factors of u.
2, 19
Suppose -200 = o - 4*t, 16 = 2*t + 6. Let v be o/(-95) + (-8)/(-76). Suppose v*x = 3*y + 2*y + 43, -4 = -4*y. What are the prime factors of x?
2, 3
Let b(a) = -5*a - 72. Suppose 0 = 2*s + 3*s + 3*z + 70, 93 = -4*s + 5*z. Let i be b(s). Suppose 0 = -11*l + i*l - 200. What are the prime factors of l?
2, 5
Let y = 72 + -430. Let h = 567 + y. List the prime factors of h.
11, 19
Let h(l) be the second derivative of l**4/6 - 11*l**3/6 - 11*l**2/2 + 18*l. Let f be h(7). Suppose f*c - 436 = 6*c. What are the prime factors of c?
109
Let m(u) = 2*u**3 + 22*u**2 + 14*u + 1. Let w = 67 - 66. Let a be w - ((-3)/((-9)/6) + 9). List the prime factors of m(a).
61
Let h(i) = 14*i**2 + i + 7. Let r be h(5). Suppose 4*p + 38 = 2*z, 0*p + 2*z - 14 = 2*p. List the prime factors of 3*2/(-36) - r/p.
2, 3, 5
Let z be (-3835)/78 - 5/6. What are the prime factors of -4*z/(-40) - (-968)/1?
3, 107
List the prime factors of (-2)/(-1)*(-13 + 9) + 4556.
2, 3, 379
Let i(m) = m**3 - 2*m**2 - 4*m + 8565. List the prime factors of i(0).
3, 5, 571
Let y be (-2)/12 + 21320/(-240). Let w = 651 - y. List the prime factors of w.
2, 5, 37
Let v be -2 + (-8)/(-2) + 0. Suppose -489 = -11*j - 533. What are the prime factors of (j - (-42)/9)/v*33?
11
Let j be 6/30 - -5702*1/(-10). What are the prime factors of 6/10 + -8 + j/(-50)?
2
Let c be 4 + 0/(-3) + 293. Let q(h) = 7*h - 29. Let s be q(13). Let a = c - s. List the prime factors of a.
5, 47
Suppose -30525 = -r + k, -2*r + 6*k - 10*k + 61014 = 0. What are the prime factors of r?
3, 3391
What are the prime factors of (-1152)/(-54)*(-13878)/(-24)?
2, 3, 257
Suppose 108*o - 474301 = 345743. List the prime factors of o.
3, 2531
Suppose 24*z = 22*z + 2*b + 31072, 4*z = -b + 62149. What are the prime factors of z?
3, 5179
Let m(x) be the third derivative of 0 + 16*x**2 - 1/12*x**4 + 0*x - 1/6*x**3 + 29/20*x**5. What are the prime factors of m(-1)?
2, 11
Let g(z) = 17*z. Let r be (-4)/(-9) - 416/(-117). Let b(a) = 15*a - 48. Let t be b(r). List the prime factors of g(t).
2, 3, 17
Suppose -3*u - 15 = 0, 5*h + 2*u + 35 = -0*u. List the prime factors of (-20 - h)*(176/(-12) - -2).
2, 5, 19
Suppose 0 = 5*o + 3*c - 83834, 19 = 2*c + 13. List the prime factors of o.
5, 7, 479
Let u(r) = -26*r**3 - 4*r**2 + 2*r - 4. Let s be u(3). Let p = 1484 - s. List the prime factors of p/(-18)*(-5)/((-50)/(-12)).
2, 37
Let c(q) = 6*q - 32. Let u be c(6). Suppose -u*s + 115 = 35. Suppose -165 + s = -p. What are the prime factors of p?
5, 29
Let o(q) = 5*q**2 + 3*q - 30. Let v = 483 + -472. What are the prime factors of o(v)?
2, 19
Let v = -637 - -4318. List the prime factors of v.
3, 409
What are the prime factors of ((-156)/234)/(4/(-43410))?
5, 1447
Let l = -2897 - -15338. What are the prime factors of l?
3, 11, 13, 29
Let x = -14 + 17. Suppose -3*j + 6 = -x*t, -8 = 2*j + t + 3*t. Suppose -4*v - 2*v + 54 = j. List the prime factors of v.
3
Suppose 73*q - 43*q - 271701 = 643569. What are the prime factors of q?
30509
Suppose -3*c - z + 1 = -6*z, z = 5*c - 9. Suppose -437 + 93 = -4*q + 5*g, -q + 86 = -c*g. What are the prime factors of q?
2, 43
Suppose 4*i = t - 2196, i + 2*i + 1666 = -4*t. List the prime factors of (i/(-8) - -5)*1*4.
5, 59
Let u be (-81)/2*18/(-27). Suppose u*q - 1940 = 23*q. What are the prime factors of q?
5, 97
Suppose 24*s - 33*s + 16362 = 0. What are the prime factors of s*(8/16 + 0)?
3, 101
Suppose -6*w - 49 = -247. Let q = -24 + w. Let v = 32 - q. List the prime factors of v.
23
Let p(v) = -131*v**3 - 18*v**2 - 33*v - 18. What are the prime factors of p(-5)?
2, 7, 41
Suppose 136 = 7*h + 94. What are the prime factors of ((-4)/h + 0)*(-289476)/264?
17, 43
Let v(z) be the third derivative of 7*z**6/20 - z**5/15 - z**4/12 + 5*z**3/2 + 8*z**2 - 5. List the prime factors of v(2).
331
Let p be ((-1)/(-3) + 0)*(108 - 1290). Let a = 463 + p. List the prime factors of a.
3, 23
Suppose 4*b = -5*v + 9260, 2*v + 118 = 110. What are the prime factors of b?
2, 5, 29
Let q(b) be the third derivative of 1/12*b**4 + 0*b - 3*b**2 + 0 + 3*b**3. What are the prime factors of q(10)?
2, 19
Let l be (-7 - -8)*(2 - 12). Suppose 149 = -a - 326. List the prime factors of a/l + 3/(-2).
2, 23
Let y(x) = -4*x - 33. Let l be y(-6). What are the prime factors of -3*21/l - -597?
2, 151
Let i(b) = 17 + 15*b**2 + 3 - 10*b**2 + 55. Let q(v) = -14*v**2 - 225. Let a(r) = -17*i(r) - 6*q(r). List the prime factors of a(0).
3, 5
Let f = 2053 - 1181. List the prime factors of f/32 - (-1)/(-4).
3
Let o = 271187 - 181991. List the prime factors of o.
2, 3, 7433
Let u(p) = 108*p**2 + 7*p - 69. Let f be u(8). Suppose h + 2*h = -2*y + 2768, -5*y + f = -3*h. List the prime factors of y.
1381
Let g be (-12)/1*(-10 + (6 - 4)). Suppose 2*u - 14*u = -g. Suppose -4*d = u, 4*a + 3*d - d = 488. What are the prime factors of a?
3, 41
Suppose 20*b - 17256 - 74590 = 56714. List the prime factors of b.
2, 3, 619
Let b = 97 - 8